{"id":113,"date":"2025-01-08T11:45:08","date_gmt":"2025-01-08T10:45:08","guid":{"rendered":"http:\/\/quo-vadisbe.webhosting.be?page_id=113"},"modified":"2025-01-08T11:45:09","modified_gmt":"2025-01-08T10:45:09","slug":"voorwaarden","status":"publish","type":"page","link":"http:\/\/quo-vadisbe.webhosting.be?page_id=113","title":{"rendered":"Voorwaarden"},"content":{"rendered":"\n<p>Quo Vadis BV<br>Algemene verkoopsvoorwaarden<\/p>\n\n\n\n<ol class=\"wp-block-list\">\n<li>Iedere factuur die niet betaald wordt binnen de opgegeven betaaltermijn, zal van<br>rechtswege en zonder enige ingebrekestelling verhoogd worden met een forfaitaire<br>schadevergoeding van 15% met een minimum van 50 EUR. Laattijdige betaling van \u00e9\u00e9n<br>factuur heeft tot gevolg dat andere facturen ineens opeisbaar zijn, zonder<br>ingebrekestelling.<\/li>\n\n\n\n<li>Elke klacht of bezwaar zal niet aanvaard worden indien zij niet gedaan wordt per<br>aangetekende brief, binnen de 8 dagen na de ontvangst van de factuur of na de gedane<br>prestatie.<\/li>\n\n\n\n<li>De ondertekenaar van de bestelbon verbindt zich hoofdelijk en solidair met de<br>vereniging of rechtspersoon voor wie de reis of vervoer wordt uitgevoerd, tot betaling van<br>de reissommen of eventuele schadevergoeding. In geval van een mondelinge<br>overeenkomst zal ook de persoon die optreedt als verantwoordelijke voor de vervoerde<br>personen beschouwd worden als ondertekenaar van de bestelbon. Wij behouden ons<br>tevens het recht voor de overeenkomst van rechtswege en zonder voorafgaande<br>ingebrekestelling als ontbonden te beschouwen in geval van faillissement of kennelijk<br>onvermogen van de klant of vereniging.<\/li>\n\n\n\n<li>De overeengekomen prijzen kunnen t.e.m. 21 kalenderdagen die aan de datum van<br>het vertrek voorafgaan, naar boven of onder worden herzien, voor zover de herziening<br>een gevolg is van een wijziging in:<\/li>\n<\/ol>\n\n\n\n<ul class=\"wp-block-list\">\n<li>de op de reis toegepaste wisselkoers en\/of<\/li>\n\n\n\n<li>de vervoerskosten met inbegrip van de brandstofkosten en\/of<\/li>\n\n\n\n<li>de verschuldigde heffingen en belastingen<\/li>\n<\/ul>\n\n\n\n<ol class=\"wp-block-list\">\n<li>Bij annulering gelden volgende voorwaarden:<\/li>\n<\/ol>\n\n\n\n<ul class=\"wp-block-list\">\n<li>Minder dan 24 uur voor vertrek: 100% van de van toepassing zijnde vervoerprijzen.<\/li>\n\n\n\n<li>Tussen 24 uur en 2 weken voor vertrek: 50 % van de van toepassing zijnde<br>vervoerprijzen.<\/li>\n\n\n\n<li>Tussen 2 weken en 1 maand voor vertrek: 25 % van de van toepassing zijnde<br>vervoerprijzen.<\/li>\n\n\n\n<li>Tussen 1 maand en 2 maand voor vertrek: 10 % van de van toepassing zijnde<br>vervoerprijzen met een minimum van 50,00 EUR.<br>Alle niet-recupereerbare kosten, andere dan het autocar\/busvervoer, gemaakt door<br>onze firma ten behoeve van de klant, zullen integraal worden verhaald op de klant.<\/li>\n<\/ul>\n\n\n\n<ol class=\"wp-block-list\">\n<li>Iedere persoon is voor zichzelf alsook voor de minderjarige en\/of de voorwerpen<br>onder zijn toezicht geplaatst, verantwoordelijk op het vlak van de geldende voorschriften<br>tegenover de Belgische en buitenlandse autoriteiten, zoals politie, douane,\u2026 .<\/li>\n\n\n\n<li>Bij vertragingen van meer dan 10 minuten, met oorzaak bij \u00e9\u00e9n der deelnemende<br>reizigers, behoudt onze firma zich het recht voor niet langer te blijven wachten zonder<br>verval van de verschuldigde vervoerprijzen.<\/li>\n\n\n\n<li>In geval van een mechanisch defect aan \u00e9\u00e9n van onze autobussen of autocars met<br>reisonderbreking als gevolg, kan onze firma de verantwoordelijkheid nemen de reis<br>verder te zetten met een hulpcar, hetzij met de trein van 2de klasse.<\/li>\n\n\n\n<li>In geval van mechanische problemen bij een liftcar waardoor de toegang tot de liftcar<br>van de andersvalide(n) onmogelijk wordt, zal de factuurprijs verminderd worden met 50<br>EUR per gebruiksdag.<\/li>\n\n\n\n<li>Termijnen voor de uitvoering der verplaatsingen, door ons bevestigd, worden in de<br>mate van het mogelijke nageleefd. In geval van reisonderbreking ten gevolge van<br>gevallen van overmacht, zoals overstromingen, ongevallen, opengebroken banen, mist,<br>staking, buitengewone files enz\u2026 De daaruit voortvloeiende en bijkomende kosten voor<br>vervoer en verblijf zijn volledig ten laste der reizigers.<\/li>\n\n\n\n<li>Onze firma is niet verantwoordelijk voor verlies, beschadiging of diefstal van<br>reisgoed.<\/li>\n\n\n\n<li>Iedere schade die vastgesteld wordt op het einde van de reis aan onze voertuigen,<br>die veroorzaakt werd door de reiziger(s), zal worden verhaald op de ondertekenaar van<br>de bestelbon en\/of de verantwoordelijke van de groep. Onder schade wordt tevens<br>verstaan het niet in propere staat achterlaten van het voertuig.<\/li>\n\n\n\n<li>Iedere klant, reiziger of deelnemer aan een door ons georganiseerde reis, inzittende<br>of huurder van onze voertuigen, wordt beschouwd te hebben kennis genomen van deze<\/li>\n<\/ol>\n\n\n\n<p>algemene verkoopsvoorwaarden en deze te hebben aanvaard v\u00f3\u00f3r de aanvang van het<br>vervoer of de reis.<\/p>\n\n\n\n<ol class=\"wp-block-list\" start=\"14\">\n<li>De klant neemt de verplichting op zich de algemene verkoopsvoorwaarden ter kennis<br>te brengen van de reizigers.<\/li>\n\n\n\n<li>Voor alle betwistingen in verband met een overeenkomst zijn alleen de rechtbanken<br>van het arrondissement Mechelen bevoegd. Het trekken van een wisselbrief, een<br>verklaring in gemeen vonnis of gelijk welke omstandigheid doet aan deze clausule geen<br>afbreuk. Alle kosten in verband met de invordering langs gerechtelijke weg, inclusief<br>honoraria en verliezen, zullen ten laste van de klant of vereniging zijn en ook volledig op<br>hem worden verhaald.<\/li>\n\n\n\n<li>Overmacht kan aanleiding geven tot het niet toepassen van de huidige voorwaarden.<br>Als overmacht gelden alle omstandigheden buiten de wil van de partijen, die niet te<br>wijten zijn aan de fout van \u00e9\u00e9n van de partijen en die van die aard zijn dat het vorderen<br>van de naleving van de overeenkomst jegens \u00e9\u00e9n van de partijen onredelijk dan wel<br>onmogelijk is. Gevallen van overmacht zijn ( deze opsomming is niet exhaustief ) :<br>stakingen, bedrijfsblokkades, bedrijfsstoringen, gebrek aan energie- en\/of<br>telecommunicatievoorzieningen, uitzonderlijke veralgemeende ernstige<br>transportstoringen, maatregelen van staatswege, oorlogen, terreuraanslagen,<br>natuurrampen, epidemie\u00ebn, \u2026 Ziekte van de deelnemer is uitdrukkelijk uitgesloten als<br>geval van overmacht.<\/li>\n<\/ol>\n","protected":false},"excerpt":{"rendered":"<p>Quo Vadis BVAlgemene verkoopsvoorwaarden algemene verkoopsvoorwaarden en deze te hebben aanvaard v\u00f3\u00f3r de aanvang van hetvervoer of de reis.<\/p>\n","protected":false},"author":2,"featured_media":0,"parent":0,"menu_order":0,"comment_status":"closed","ping_status":"closed","template":"","meta":{"footnotes":""},"class_list":["post-113","page","type-page","status-publish","hentry"],"_links":{"self":[{"href":"http:\/\/quo-vadisbe.webhosting.be\/index.php?rest_route=\/wp\/v2\/pages\/113","targetHints":{"allow":["GET"]}}],"collection":[{"href":"http:\/\/quo-vadisbe.webhosting.be\/index.php?rest_route=\/wp\/v2\/pages"}],"about":[{"href":"http:\/\/quo-vadisbe.webhosting.be\/index.php?rest_route=\/wp\/v2\/types\/page"}],"author":[{"embeddable":true,"href":"http:\/\/quo-vadisbe.webhosting.be\/index.php?rest_route=\/wp\/v2\/users\/2"}],"replies":[{"embeddable":true,"href":"http:\/\/quo-vadisbe.webhosting.be\/index.php?rest_route=%2Fwp%2Fv2%2Fcomments&post=113"}],"version-history":[{"count":1,"href":"http:\/\/quo-vadisbe.webhosting.be\/index.php?rest_route=\/wp\/v2\/pages\/113\/revisions"}],"predecessor-version":[{"id":115,"href":"http:\/\/quo-vadisbe.webhosting.be\/index.php?rest_route=\/wp\/v2\/pages\/113\/revisions\/115"}],"wp:attachment":[{"href":"http:\/\/quo-vadisbe.webhosting.be\/index.php?rest_route=%2Fwp%2Fv2%2Fmedia&parent=113"}],"curies":[{"name":"wp","href":"https:\/\/api.w.org\/{rel}","templated":true}]}}